k) = -k + 1. Let l(q) = 2*q + 4. Let u(a) = 2*l(a) + 6*m(a). What is the units digit of u(0)?
4
Suppose -i + 30 = 5*p, -3*i - 4*p = -38 + 3. Suppose -i = 5*g - 65. What is the tens digit of g?
1
Let q = -4 - -6. Suppose -q*y = -69 + 17. What is the tens digit of y?
2
Let h be (-1 - -16)*(-6)/(-10). Let y = h + -5. Suppose 4 = y*m - 4. What is the units digit of m?
2
Let w(t) = t**2 - 2*t - 2. Let f = -5 - -12. Let p = f - 3. What is the units digit of w(p)?
6
Let b = -52 + 105. What is the units digit of b?
3
Suppose 49 = -5*y + 4. Let w(b) = -b - 2. What is the units digit of w(y)?
7
Suppose 5*h - 2*h = 12. Suppose -h*p = -9*p + 30. What is the tens digit of 14 + (-5)/(15/p)?
1
Let t(i) = -2*i**2 + 6*i**3 - 5*i**3 - 2 - 2*i**3. What is the units digit of t(-4)?
0
Suppose -48*c = -43*c - 230. What is the tens digit of c?
4
Let s(x) = -x**2 + 8*x + 2. Let v be s(8). Suppose 4*p + 34 = v*m, 2*m + 2*m - 5*p = 83. What is the tens digit of m?
2
Let y(n) = n**3 - 5*n**2 - 7*n + 9. Let l be y(6). Suppose 0 = -l*o + 2*o + 8. What is the units digit of o?
8
Suppose -7*i + 3*i + 2*b = -318, -237 = -3*i + 3*b. What is the tens digit of i?
8
Let i(v) = v**2 - 3*v - 4. Let n(u) = u**2 - 3. Let w be n(3). What is the units digit of i(w)?
4
Let b = -1 + 0. Let h be -2 - (-1 + -2)*b. Let o = -2 - h. What is the units digit of o?
3
Let r = -47 - -114. Suppose 2*l - 10 = 0, -4*c + 0*l + r = -l. What is the tens digit of c?
1
What is the hundreds digit of 6*2/12 - -177?
1
Let q = -20 + 108. What is the units digit of q?
8
Suppose 0 = -2*s + 8*s - 102. What is the units digit of s?
7
Suppose -h + 5*y + 4 = -4, 0 = -3*h + y - 18. Let a(r) = -r**3 - 7*r**2 - 3*r - 9. What is the units digit of a(h)?
2
Let m(z) = z**2 - z. What is the tens digit of m(4)?
1
Let v be (16/(-20))/(4/(-30)). Suppose -31 = -5*i - v. What is the units digit of i?
5
Let d = -73 - -143. What is the tens digit of d?
7
Let h be (-78)/18 - (-4)/(-6). Let k = h + 6. What is the units digit of k?
1
Let w = -76 - -127. What is the units digit of w?
1
Let z(c) = -2*c - 1. Let b be z(-10). Suppose -5*r + 0*r = 4*k + 4, -3*r = 5*k - 8. Suppose 3*m + 8 = -v + b, -4*v = k*m - 28. What is the units digit of m?
2
What is the units digit of (-14)/3*(-9)/6?
7
Let u(k) = k**3 - 4*k**2 - 6*k + 5. Let i = 14 - 9. Let w be u(i). Suppose w = -4*m - m + 30. What is the units digit of m?
6
Suppose -o = 5*a - 668 + 178, 0 = -5*a - 5*o + 490. What is the units digit of a?
8
Let v(h) = h + 7. Let g be v(-7). Suppose 2*b - 6 = -g. Suppose -b*l = q, 8 + 0 = -2*l. What is the units digit of q?
2
Suppose -5*j + 6 = -2*j. Let d(b) = 2*b**2 - j*b - b**2 - 3 - b. What is the units digit of d(5)?
7
Suppose -5*v = -l + 293, -2*v = 3*l + 621 - 1483. What is the tens digit of 2/(-7) + l/28?
1
Let k be 59 + -4 + 0 + 0. Suppose 3*q + 2*q - 5*x - k = 0, -q - 2*x = 4. Suppose 0 = 4*m + q - 26. What is the units digit of m?
5
Let b = 15 + -10. Suppose -2*c - 2*u - 17 = -7*u, -b*u + 29 = c. Suppose 20 = c*a - 8. What is the units digit of a?
7
Let q = 3 + -1. Let o = 0 + q. What is the units digit of ((-16)/(-40))/(o/30)?
6
Let m be 37/3 + (-4)/(-6). Let h = 15 + -9. Let f = m - h. What is the units digit of f?
7
Let r(p) = 4*p - 3. Let j be r(2). Suppose 0 = -11*a + 6*a + j. What is the units digit of 4/(a + (-3)/4)?
6
Let i be 1/3 - (-22)/6. Suppose 3*u = -u + 2*p - 12, -5*p = -i*u - 18. Let g(k) = k**2 - 1. What is the units digit of g(u)?
3
Let c(j) = -16*j**3 + 2*j**2 - 2*j + 1. Let l be c(1). What is the units digit of 3/(-15) + (-18)/l?
1
Suppose 165 = 5*c - 105. What is the tens digit of c?
5
What is the units digit of 5/2*(-58)/(-5)?
9
Let o(q) = 3*q**2 + 6*q + 5. What is the tens digit of o(-6)?
7
Let x(z) = 5*z**2 - 3*z - 3. What is the units digit of x(-2)?
3
Let j(d) = 1. Let p(g) = -g**2 - 1. Let n(m) = -2*j(m) - p(m). What is the units digit of n(3)?
8
Let h(z) = -z - 5. Suppose 3*f + 24 = -0*f. What is the units digit of h(f)?
3
What is the tens digit of 30*(1 - 0) + 3?
3
Let s be ((-8)/12)/((-2)/6). Suppose 4 = -0*o + s*o. Suppose 7 = t - o. What is the units digit of t?
9
Let m be ((-1)/(-1) + -1)/2. Suppose 2*t + m*t + 28 = 0. What is the units digit of (t/(-8))/(2/8)?
7
Suppose 2*c - 8 = -2*c. What is the units digit of (38/(-4))/((-1)/c)?
9
Let u = 165 + -37. What is the hundreds digit of u?
1
Suppose 0*h + 4*h + 220 = 0. Let u = h + 77. What is the units digit of u?
2
Let g(z) = -z + 7. Let l be g(5). Suppose -63 = -3*r - 3*u, -l*r + u = 14 - 47. What is the tens digit of r?
1
Let d = 12 - 22. Let u = d - -16. What is the units digit of u?
6
Let v = -5 + 8. Let l(h) = h**3 - 5*h**2 - 6*h + 4. Let w be l(6). Let j = w - v. What is the units digit of j?
1
Let x(t) = -13*t - 3. Let d be x(-6). Suppose -5*g + d = -180. Suppose -5*j = -g - 4. What is the tens digit of j?
1
What is the units digit of 1 + -1 - 196/(-14)?
4
Let b be (-1)/1 - (-10 + 3). Suppose -4 + b = r. What is the units digit of r?
2
Suppose -4 = 6*k - 5*k. Let z(u) = 2*u**2 - 2*u - 6. What is the units digit of z(k)?
4
Let f(g) = -g**2 - 8*g + 8. What is the tens digit of f(-5)?
2
Let h be (1 - -1)*(3 + -2). Suppose h*p + 4 = p. What is the units digit of 3/1 - (p + -8)?
5
Suppose -176*y + 244 = -174*y. What is the units digit of y?
2
Let v = 184 + -66. What is the tens digit of v?
1
Let j(c) = 4*c**2 - 29*c + 15. What is the hundreds digit of j(12)?
2
Let a(v) = 8 + 9*v**2 - v**2 + v**3 + 0*v - 2*v**2 - 6*v. What is the units digit of a(-7)?
1
Suppose 9 + 31 = 5*w. What is the units digit of w?
8
Suppose -4*y = -4, -5*u + 4*y = -u + 4. Suppose f = 4 - u. Suppose -5*b + 2*l + 2 = -f*b, -10 = -2*b + 2*l. What is the units digit of b?
8
Let o(r) = -2*r - 1. Suppose -2*m = a - 1, -5*m + a + 0*a = -20. Suppose -6 = -w + m*w. What is the units digit of o(w)?
5
What is the tens digit of -3*(-2 - 55) - -1?
7
Let p = 10 - 46. What is the units digit of (2/(-3))/(8/p)?
3
Let x(q) = -q**2 + 1. Suppose -5 = 2*a + 3*a. Let y be (-3 - -3 - 0)/a. What is the units digit of x(y)?
1
Suppose -3*c = -2*a - 30 - 231, 4*a = 2*c - 182. What is the tens digit of c?
8
Let i(y) = -y**3 - 2*y**2 - 2*y + y**2 - 2*y + 7*y**2. What is the units digit of i(5)?
5
Suppose 0 = 3*u - 2*q - 4, -u - 4*q = -2*u - 12. Let n = 6 - u. Let x = n - -5. What is the units digit of x?
7
Suppose -4*k = 2 - 10. Suppose -k*d - 9 = -5*d. Suppose l = -d + 4. What is the units digit of l?
1
Suppose 3*i = -3*g + 15, -5*i + i + 16 = 2*g. Suppose 37 = g*v + 13. What is the tens digit of v?
1
Let p = 143 + -58. What is the units digit of p?
5
Let b = -3 + 5. Suppose -5*u + 59 = -k + 2*k, -4*u - b*k = -46. What is the units digit of u?
2
Let q = 9 + -5. Suppose m = -2*f + 8, -4 - q = -m - 3*f. What is the units digit of m?
8
What is the tens digit of 42 + 2 + -3 - 1?
4
Suppose -f = 4*f, 4*n + f = 332. What is the tens digit of n?
8
Suppose 0*m = -2*w - 3*m - 24, 0 = 5*m. What is the units digit of (1 + 8/(-6))*w?
4
Let u = 7 + -6. Let x = 28 - u. What is the tens digit of x?
2
What is the tens digit of (18/(-42)*-7)/((-3)/(-94))?
9
Suppose -17 = 3*p + 4. Let v(l) = l**2 + 4*l - 10. Let h be v(p). Let o = h + -7. What is the units digit of o?
4
Suppose 2*o = -118 + 492. What is the hundreds digit of o?
1
Let o be (3/(3/(-5)))/(-1). Suppose 0 = o*x - u + 7 - 28, -2*x - u + 14 = 0. What is the units digit of x?
5
Suppose 0 = -0*i - 2*i - 42. Let z(d) = d**2 + 2*d - 6. Let x be z(-7). Let h = i + x. What is the units digit of h?
8
What is the tens digit of -18*(7/(-2) + -3)?
1
Suppose -5*w + 0 = -15. What is the units digit of -3*(-2 - w/(-3))?
3
What is the hundreds digit of 157 - 6/(-2)*1/(-1)?
1
Let j(v) = -v + 9. Let o be j(8). Let z(p) = p**3 - 1. Let u be z(o). Let a(d) = -d**3 - d**2 + 17. What is the tens digit of a(u)?
1
Let j(n) = n + 6. Let m(c) = -c**3 - c**2 - c + 6. Let u be m(0). Let b be j(u). Suppose 2*v - b = -2. What is the units digit of v?
5
Let i(a) = -41*a - 18. What is the tens digit of i(-2)?
6
Let s(g) = -4*g**2 + g. Let w be s(-1). Let n = w - -10. Suppose 5*v + 0*v = n. What is the units digit of v?
1
Suppose 3 = -3*f - 2*q, 4*q + 18 = 3*f + 3. Let k be f - (0/(-3) - -6). Let c = k + 14. What is the units digit of c?
9
Let b(j) be the second derivative of -j**5/120 + 3*j**